{"id":2340,"date":"2012-07-19T08:34:48","date_gmt":"2012-07-19T06:34:48","guid":{"rendered":"http:\/\/bambeatslive.de\/wordpress\/?page_id=2340"},"modified":"2016-07-23T18:04:07","modified_gmt":"2016-07-23T16:04:07","slug":"der-livestream","status":"publish","type":"page","link":"http:\/\/bambeatslive.de\/wordpress\/der-livestream\/","title":{"rendered":"Der Livestream"},"content":{"rendered":"<p><span style=\"text-align: left;\">BAMBEATS Podcast f\u00fcr elektronische Musik \u00fcbertr\u00e4gt jeden Monat Live aus der Sodabar Bamberg, neue elektronische Tanzmusik. Dabei laden die DJs Fizzl, Jacob Risp, Mario Maser und MichiL. neben bekannten Djs aus der Region regelm\u00e4\u00dfig neue bisher unbekannte Klangk\u00fcnstler ein. BAMBEATS bietet dabei den Rahmen um neue Kontakte zu kn\u00fcpfen, sich auszutauschen und eine Plattform seinen Sound oder sein Projekt vorzustellen.<\/span><\/p>\n<p>&nbsp;<\/p>\n<h1 style=\"padding-left: 30px;\"><span style=\"text-decoration: underline;\"><strong><span style=\"color: #993300; text-decoration: underline;\">Die Radioshow in der Soda Bar:<\/span><\/strong><\/span><\/h1>\n<p style=\"text-align: left; padding-left: 30px;\"><span style=\"color: #333333;\"><strong>Wir schreiben das Jahr 2009, als MichiL. das erste Mal in der bamberger Wunderburg eine Webcam neben seinem Sofa aufstellte, um euch <\/strong><\/span><strong>mit Sound und Optik Live gedrehter Platten zu begl\u00fccken.<\/strong><\/p>\n<p style=\"padding-left: 30px;\">BAMBEATS war geschl\u00fcpft! Die ersten Gast-DJs kamen schnell und es entwickelte sich schnelle zu einer monatlichen Veranstaltung in der Sodabar, dem neuen Zuhause von BAMBEATS.<\/p>\n<p>Auf unserem Blog k\u00f6nnt Ihr euch die neue Folge Live ansehen oder \u00e4ltere Podcast-Episoden noch einmal genie\u00dfen.<\/p>\n<p>Die aktuellen Termine und Infos rund um BamBeats und unseren DJs findet Ihr immer auf der Startseite.<\/p>\n<p><strong><span style=\"color: #800000;\">Bleibt im Groove und schaltet ein!\u00a0<\/span><\/strong><\/p>\n<p><strong><span style=\"color: #800000;\">Fizzl, Jacob Risp, Mario Maser und MichiL.<br \/>\n<\/span><\/strong><\/p>\n<p>Unser Livestream auf <a href=\"http:\/\/livebeats.com\/12479\">http:\/\/livebeats.com\/12479<\/a><br \/>\n<iframe loading=\"lazy\" src=\"http:\/\/livebeats.com\/index.php5?sModule=action.Player&#038;lb-ui-v=150420_3&#038;eventid=9743&#038;width=984&#038;height=554\" width=\"984\" height=\"554\" frameborder=\"0\" scrolling=\"no\"><\/iframe><\/p>\n","protected":false},"excerpt":{"rendered":"<p>BAMBEATS Podcast f\u00fcr elektronische Musik \u00fcbertr\u00e4gt jeden Monat Live aus der Sodabar Bamberg, neue elektronische Tanzmusik. Dabei laden die DJs Fizzl, Jacob Risp, Mario Maser und MichiL. neben bekannten Djs aus der Region regelm\u00e4\u00dfig neue bisher unbekannte Klangk\u00fcnstler ein. BAMBEATS bietet dabei den Rahmen um neue Kontakte zu kn\u00fcpfen, sich \u2026 <a href=\"http:\/\/bambeatslive.de\/wordpress\/der-livestream\/\"> Continue reading <span class=\"meta-nav\">&rarr; <\/span><\/a><\/p>\n","protected":false},"author":1,"featured_media":0,"parent":0,"menu_order":1,"comment_status":"open","ping_status":"closed","template":"","meta":{"ngg_post_thumbnail":0,"jetpack_post_was_ever_published":false,"footnotes":""},"aioseo_notices":[],"jetpack_shortlink":"https:\/\/wp.me\/P1dYSh-BK","jetpack_likes_enabled":true,"jetpack-related-posts":[],"jetpack_sharing_enabled":true,"_links":{"self":[{"href":"http:\/\/bambeatslive.de\/wordpress\/wp-json\/wp\/v2\/pages\/2340"}],"collection":[{"href":"http:\/\/bambeatslive.de\/wordpress\/wp-json\/wp\/v2\/pages"}],"about":[{"href":"http:\/\/bambeatslive.de\/wordpress\/wp-json\/wp\/v2\/types\/page"}],"author":[{"embeddable":true,"href":"http:\/\/bambeatslive.de\/wordpress\/wp-json\/wp\/v2\/users\/1"}],"replies":[{"embeddable":true,"href":"http:\/\/bambeatslive.de\/wordpress\/wp-json\/wp\/v2\/comments?post=2340"}],"version-history":[{"count":27,"href":"http:\/\/bambeatslive.de\/wordpress\/wp-json\/wp\/v2\/pages\/2340\/revisions"}],"predecessor-version":[{"id":3316,"href":"http:\/\/bambeatslive.de\/wordpress\/wp-json\/wp\/v2\/pages\/2340\/revisions\/3316"}],"wp:attachment":[{"href":"http:\/\/bambeatslive.de\/wordpress\/wp-json\/wp\/v2\/media?parent=2340"}],"curies":[{"name":"wp","href":"https:\/\/api.w.org\/{rel}","templated":true}]}}